{"id":24,"date":"2026-04-03T21:56:41","date_gmt":"2026-04-03T20:56:41","guid":{"rendered":"https:\/\/autoservicesfrance.com\/?page_id=24"},"modified":"2026-04-18T11:58:34","modified_gmt":"2026-04-18T10:58:34","slug":"contact","status":"publish","type":"page","link":"https:\/\/autoservicesfrance.com\/index.php\/contact\/","title":{"rendered":"Contact"},"content":{"rendered":"\n\n  <div class=\"banner has-hover\" id=\"banner-45065972\">\n          <div class=\"banner-inner fill\">\n        <div class=\"banner-bg fill\" >\n            <img loading=\"lazy\" decoding=\"async\" width=\"1500\" height=\"1000\" src=\"https:\/\/autoservicesfrance.com\/wp-content\/uploads\/2026\/04\/254641.jpg\" class=\"bg attachment-original size-original\" alt=\"\" \/>                        <div class=\"overlay\"><\/div>            \n                    <\/div>\n\t\t\n        <div class=\"banner-layers container\">\n            <div class=\"fill banner-link\"><\/div>            \n\n   <div id=\"text-box-413792925\" class=\"text-box banner-layer x50 md-x50 lg-x50 y50 md-y50 lg-y50 res-text\">\n                                <div class=\"text-box-content text dark\">\n              \n              <div class=\"text-inner text-center\">\n                  \n\n\t<div id=\"text-2349441662\" class=\"text\">\n\t\t\n\n<p><strong>CONTACT<\/strong><\/p>\n\t\t\n<style>\n#text-2349441662 {\n  color: rgb(255,255,255);\n}\n#text-2349441662 > * {\n  color: rgb(255,255,255);\n}\n<\/style>\n\t<\/div>\n\t\n\n              <\/div>\n           <\/div>\n                            \n<style>\n#text-box-413792925 {\n  width: 60%;\n}\n#text-box-413792925 .text-box-content {\n  font-size: 100%;\n}\n<\/style>\n    <\/div>\n \n\n        <\/div>\n      <\/div>\n\n            \n<style>\n#banner-45065972 {\n  padding-top: 500px;\n}\n#banner-45065972 .overlay {\n  background-color: rgba(0, 0, 0, 0.5);\n}\n<\/style>\n  <\/div>\n\n\n\t<div id=\"gap-1876608350\" class=\"gap-element clearfix\" style=\"display:block; height:auto;\">\n\t\t\n<style>\n#gap-1876608350 {\n  padding-top: 20px;\n}\n<\/style>\n\t<\/div>\n\t\n\n<div class=\"row\"  id=\"row-1743274643\">\n\n\n\t<div id=\"col-1497194727\" class=\"col small-12 large-12\"  >\n\t\t\t\t<div class=\"col-inner\"  >\n\t\t\t\n\t\t\t\n\n\t<div id=\"text-2532182188\" class=\"text\">\n\t\t\n\n<p>Envoyez-nous votre demande et nous vous recontacterons dans les plus brefs d\u00e9lais.<\/p>\n\t\t\n<style>\n#text-2532182188 {\n  font-size: 1.2rem;\n  text-align: center;\n  color: #086bad;\n}\n#text-2532182188 > * {\n  color: #086bad;\n}\n<\/style>\n\t<\/div>\n\t\n<div class=\"row\"  id=\"row-1113527808\">\n\n\n\t<div id=\"col-482187483\" class=\"col small-12 large-12\"  >\n\t\t\t\t<div class=\"col-inner\"  >\n\t\t\t\n\t\t\t\n\n\t<div id=\"text-2629864449\" class=\"text\">\n\t\t\n\n<p>&#8211;<\/p>\n\t\t\n<style>\n#text-2629864449 {\n  text-align: center;\n}\n<\/style>\n\t<\/div>\n\t\n\n\t\t<\/div>\n\t\t\t\t\t<\/div>\n\n\t\n\n<\/div>\n<div class=\"container section-title-container\" ><h2 class=\"section-title section-title-center\"><b><\/b><span class=\"section-title-main\" style=\"color:rgb(8, 107, 173);\">Nos services = votre satisfaction<\/span><b><\/b><\/h2><\/div>\n\n\t<div id=\"text-2512873054\" class=\"text\">\n\t\t\n\n<p>C\u2019est l\u2019assurance d\u2019<strong data-start=\"471\" data-end=\"496\">optimiser votre temps<\/strong> et votre rentabilit\u00e9 avec :<\/p>\n\t\t\n<style>\n#text-2512873054 {\n  text-align: center;\n  color: #086bad;\n}\n#text-2512873054 > * {\n  color: #086bad;\n}\n<\/style>\n\t<\/div>\n\t\n<div class=\"row\"  id=\"row-1918922389\">\n\n\n\t<div id=\"col-1249431963\" class=\"col medium-3 small-6 large-3\"  >\n\t\t\t\t<div class=\"col-inner\"  >\n\t\t\t\n\t\t\t\n\n\t<div class=\"box has-hover   has-hover box-text-bottom\" >\n\n\t\t<div class=\"box-image\" style=\"width:60%;\">\n\t\t\t\t\t\t<div class=\"\" >\n\t\t\t\t<img loading=\"lazy\" decoding=\"async\" width=\"512\" height=\"512\" src=\"https:\/\/autoservicesfrance.com\/wp-content\/uploads\/2026\/04\/target-copie.png\" class=\"attachment- size-\" alt=\"\" srcset=\"https:\/\/autoservicesfrance.com\/wp-content\/uploads\/2026\/04\/target-copie.png 512w, https:\/\/autoservicesfrance.com\/wp-content\/uploads\/2026\/04\/target-copie-300x300.png 300w, https:\/\/autoservicesfrance.com\/wp-content\/uploads\/2026\/04\/target-copie-150x150.png 150w\" sizes=\"auto, (max-width: 512px) 100vw, 512px\" \/>\t\t\t\t\t\t\t\t\t\t\t<\/div>\n\t\t\t\t\t<\/div>\n\n\t\t<div class=\"box-text text-center\" >\n\t\t\t<div class=\"box-text-inner\">\n\t\t\t\t\n\n\t<div id=\"text-3336999623\" class=\"text\">\n\t\t\n\n<p>Une solution cl\u00e9 en main &amp; des prix toujours comp\u00e9titifs<\/p>\n\t\t\n<style>\n#text-3336999623 {\n  color: rgb(0,0,0);\n}\n#text-3336999623 > * {\n  color: rgb(0,0,0);\n}\n<\/style>\n\t<\/div>\n\t\n\n\t\t\t<\/div>\n\t\t<\/div>\n\t<\/div>\n\t\n\n\t\t<\/div>\n\t\t\t\t\t<\/div>\n\n\t\n\n\t<div id=\"col-1977556427\" class=\"col medium-3 small-6 large-3\"  >\n\t\t\t\t<div class=\"col-inner\"  >\n\t\t\t\n\t\t\t\n\n\t<div class=\"box has-hover   has-hover box-text-bottom\" >\n\n\t\t<div class=\"box-image\" style=\"width:60%;\">\n\t\t\t\t\t\t<div class=\"\" >\n\t\t\t\t<img loading=\"lazy\" decoding=\"async\" width=\"512\" height=\"512\" src=\"https:\/\/autoservicesfrance.com\/wp-content\/uploads\/2026\/04\/conversation-copie.png\" class=\"attachment- size-\" alt=\"\" srcset=\"https:\/\/autoservicesfrance.com\/wp-content\/uploads\/2026\/04\/conversation-copie.png 512w, https:\/\/autoservicesfrance.com\/wp-content\/uploads\/2026\/04\/conversation-copie-300x300.png 300w, https:\/\/autoservicesfrance.com\/wp-content\/uploads\/2026\/04\/conversation-copie-150x150.png 150w\" sizes=\"auto, (max-width: 512px) 100vw, 512px\" \/>\t\t\t\t\t\t\t\t\t\t\t<\/div>\n\t\t\t\t\t<\/div>\n\n\t\t<div class=\"box-text text-center\" >\n\t\t\t<div class=\"box-text-inner\">\n\t\t\t\t\n\n\t<div id=\"text-1444969344\" class=\"text\">\n\t\t\n\n<p>Un seul interlocuteur pour tous vos besoins sur 100% des marques<\/p>\n\t\t\n<style>\n#text-1444969344 {\n  color: rgb(0,0,0);\n}\n#text-1444969344 > * {\n  color: rgb(0,0,0);\n}\n<\/style>\n\t<\/div>\n\t\n\n\t\t\t<\/div>\n\t\t<\/div>\n\t<\/div>\n\t\n\n\t\t<\/div>\n\t\t\t\t\t<\/div>\n\n\t\n\n\t<div id=\"col-1755456885\" class=\"col medium-3 small-6 large-3\"  >\n\t\t\t\t<div class=\"col-inner\"  >\n\t\t\t\n\t\t\t\n\n\t<div class=\"box has-hover   has-hover box-text-bottom\" >\n\n\t\t<div class=\"box-image\" style=\"width:60%;\">\n\t\t\t\t\t\t<div class=\"\" >\n\t\t\t\t<img loading=\"lazy\" decoding=\"async\" width=\"512\" height=\"512\" src=\"https:\/\/autoservicesfrance.com\/wp-content\/uploads\/2026\/04\/check1-copie.png\" class=\"attachment- size-\" alt=\"\" srcset=\"https:\/\/autoservicesfrance.com\/wp-content\/uploads\/2026\/04\/check1-copie.png 512w, https:\/\/autoservicesfrance.com\/wp-content\/uploads\/2026\/04\/check1-copie-300x300.png 300w, https:\/\/autoservicesfrance.com\/wp-content\/uploads\/2026\/04\/check1-copie-150x150.png 150w\" sizes=\"auto, (max-width: 512px) 100vw, 512px\" \/>\t\t\t\t\t\t\t\t\t\t\t<\/div>\n\t\t\t\t\t<\/div>\n\n\t\t<div class=\"box-text text-center\" >\n\t\t\t<div class=\"box-text-inner\">\n\t\t\t\t\n\n\t<div id=\"text-3680433101\" class=\"text\">\n\t\t\n\n<p>Une gestion simplifi\u00e9e et r\u00e9active avec le secr\u00e9tariat et la comptabilit\u00e9<\/p>\n\t\t\n<style>\n#text-3680433101 {\n  color: rgb(0,0,0);\n}\n#text-3680433101 > * {\n  color: rgb(0,0,0);\n}\n<\/style>\n\t<\/div>\n\t\n\n\t\t\t<\/div>\n\t\t<\/div>\n\t<\/div>\n\t\n\n\t\t<\/div>\n\t\t\t\t\t<\/div>\n\n\t\n\n\t<div id=\"col-1611994995\" class=\"col medium-3 small-6 large-3\"  >\n\t\t\t\t<div class=\"col-inner\"  >\n\t\t\t\n\t\t\t\n\n\t<div class=\"box has-hover   has-hover box-text-bottom\" >\n\n\t\t<div class=\"box-image\" style=\"width:60%;\">\n\t\t\t\t\t\t<div class=\"\" >\n\t\t\t\t<img loading=\"lazy\" decoding=\"async\" width=\"512\" height=\"512\" src=\"https:\/\/autoservicesfrance.com\/wp-content\/uploads\/2026\/04\/logistics-management-copie.png\" class=\"attachment- size-\" alt=\"\" srcset=\"https:\/\/autoservicesfrance.com\/wp-content\/uploads\/2026\/04\/logistics-management-copie.png 512w, https:\/\/autoservicesfrance.com\/wp-content\/uploads\/2026\/04\/logistics-management-copie-300x300.png 300w, https:\/\/autoservicesfrance.com\/wp-content\/uploads\/2026\/04\/logistics-management-copie-150x150.png 150w\" sizes=\"auto, (max-width: 512px) 100vw, 512px\" \/>\t\t\t\t\t\t\t\t\t\t\t<\/div>\n\t\t\t\t\t<\/div>\n\n\t\t<div class=\"box-text text-center\" >\n\t\t\t<div class=\"box-text-inner\">\n\t\t\t\t\n\n\t<div id=\"text-3205922755\" class=\"text\">\n\t\t\n\n<p>Une logistique adapt\u00e9e garantissant la qualit\u00e9 de service exig\u00e9e par nos clients<\/p>\n\t\t\n<style>\n#text-3205922755 {\n  color: rgb(0,0,0);\n}\n#text-3205922755 > * {\n  color: rgb(0,0,0);\n}\n<\/style>\n\t<\/div>\n\t\n\n\t\t\t<\/div>\n\t\t<\/div>\n\t<\/div>\n\t\n\n\t\t<\/div>\n\t\t\t\t\t<\/div>\n\n\t\n\n<\/div>\n\n\t\t<\/div>\n\t\t\t\t\t<\/div>\n\n\t\n\n<\/div>\n\t<div id=\"gap-1703977337\" class=\"gap-element clearfix\" style=\"display:block; height:auto;\">\n\t\t\n<style>\n#gap-1703977337 {\n  padding-top: 20px;\n}\n<\/style>\n\t<\/div>\n\t\n\n<div class=\"row\"  id=\"row-655035623\">\n\n\n\t<div id=\"col-1197296261\" class=\"col medium-3 small-6 large-3\"  >\n\t\t\t\t<div class=\"col-inner\"  >\n\t\t\t\n\t\t\t\n\n\t<div class=\"img has-hover x md-x lg-x y md-y lg-y\" id=\"image_1342892310\">\n\t\t\t\t\t\t\t\t<div class=\"img-inner dark\" >\n\t\t\t<img loading=\"lazy\" decoding=\"async\" width=\"1020\" height=\"263\" src=\"https:\/\/autoservicesfrance.com\/wp-content\/uploads\/2026\/04\/WhatsApp-Image-2026-03-04-at-20.13.4011-1024x264.jpeg\" class=\"attachment-large size-large\" alt=\"\" srcset=\"https:\/\/autoservicesfrance.com\/wp-content\/uploads\/2026\/04\/WhatsApp-Image-2026-03-04-at-20.13.4011-1024x264.jpeg 1024w, https:\/\/autoservicesfrance.com\/wp-content\/uploads\/2026\/04\/WhatsApp-Image-2026-03-04-at-20.13.4011-300x77.jpeg 300w, https:\/\/autoservicesfrance.com\/wp-content\/uploads\/2026\/04\/WhatsApp-Image-2026-03-04-at-20.13.4011-768x198.jpeg 768w, https:\/\/autoservicesfrance.com\/wp-content\/uploads\/2026\/04\/WhatsApp-Image-2026-03-04-at-20.13.4011-1536x396.jpeg 1536w, https:\/\/autoservicesfrance.com\/wp-content\/uploads\/2026\/04\/WhatsApp-Image-2026-03-04-at-20.13.4011.jpeg 1600w\" sizes=\"auto, (max-width: 1020px) 100vw, 1020px\" \/>\t\t\t\t\t\t\n\t\t\t\t\t<\/div>\n\t\t\t\t\t\t\t\t\n<style>\n#image_1342892310 {\n  width: 80%;\n}\n<\/style>\n\t<\/div>\n\t\n\n\n\t\t<\/div>\n\t\t\t\t\t<\/div>\n\n\t\n\n\t<div id=\"col-912101030\" class=\"col medium-3 small-6 large-3\"  >\n\t\t\t\t<div class=\"col-inner\"  >\n\t\t\t\n\t\t\t\n\n<h4><span data-text-color=\"success\"><strong>D\u00c9COUVRIR<\/strong><\/span><\/h4>\n<p><a href=\"https:\/\/autoservicesfrance.com\/index.php\/a-propos\/\"><span data-text-color=\"primary\">\u00c0 propos<\/span><\/a><\/p>\n<p>\u00a0<\/p>\n\n\t\t<\/div>\n\t\t\t\t\t<\/div>\n\n\t\n\n\t<div id=\"col-437571085\" class=\"col medium-3 small-6 large-3\"  >\n\t\t\t\t<div class=\"col-inner\"  >\n\t\t\t\n\t\t\t\n\n<h4><span data-text-color=\"success\">SUPPORT<\/span><\/h4>\n<p><a href=\"https:\/\/autoservicesfrance.com\/index.php\/contact\/\"><span data-text-color=\"primary\">Contactez-nous<\/span><\/a><\/p>\n<p><span data-text-color=\"primary\">Mentions L\u00e9gales\u00a0\u00a0<\/span><\/p>\n<p><span data-text-color=\"primary\">FAQ<\/span><\/p>\n\n\t\t<\/div>\n\t\t\t\t\t<\/div>\n\n\t\n\n\t<div id=\"col-1387689136\" class=\"col medium-3 small-6 large-3\"  >\n\t\t\t\t<div class=\"col-inner\"  >\n\t\t\t\n\t\t\t\n\n<h4><span data-text-color=\"success\"><strong>TRAVAILLER AVEC NOUS<\/strong><\/span><\/h4>\n<p><span data-text-color=\"primary\">Emploi &amp; Carri\u00e8re<\/span><\/p>\n<p><span data-text-color=\"primary\">Grossites &amp; Entreprises<\/span><\/p>\n\n\t\t<\/div>\n\t\t\t\t\t<\/div>\n\n\t\n\n<\/div>\n\n\n","protected":false},"excerpt":{"rendered":"","protected":false},"author":1,"featured_media":0,"parent":0,"menu_order":0,"comment_status":"closed","ping_status":"closed","template":"page-blank.php","meta":{"footnotes":""},"class_list":["post-24","page","type-page","status-publish","hentry"],"_links":{"self":[{"href":"https:\/\/autoservicesfrance.com\/index.php\/wp-json\/wp\/v2\/pages\/24","targetHints":{"allow":["GET"]}}],"collection":[{"href":"https:\/\/autoservicesfrance.com\/index.php\/wp-json\/wp\/v2\/pages"}],"about":[{"href":"https:\/\/autoservicesfrance.com\/index.php\/wp-json\/wp\/v2\/types\/page"}],"author":[{"embeddable":true,"href":"https:\/\/autoservicesfrance.com\/index.php\/wp-json\/wp\/v2\/users\/1"}],"replies":[{"embeddable":true,"href":"https:\/\/autoservicesfrance.com\/index.php\/wp-json\/wp\/v2\/comments?post=24"}],"version-history":[{"count":10,"href":"https:\/\/autoservicesfrance.com\/index.php\/wp-json\/wp\/v2\/pages\/24\/revisions"}],"predecessor-version":[{"id":176,"href":"https:\/\/autoservicesfrance.com\/index.php\/wp-json\/wp\/v2\/pages\/24\/revisions\/176"}],"wp:attachment":[{"href":"https:\/\/autoservicesfrance.com\/index.php\/wp-json\/wp\/v2\/media?parent=24"}],"curies":[{"name":"wp","href":"https:\/\/api.w.org\/{rel}","templated":true}]}}